Last updated on 2025-07-18 19:50:17 CEST.
Flavor | Version | Tinstall | Tcheck | Ttotal | Status | Flags |
---|---|---|---|---|---|---|
r-devel-linux-x86_64-debian-clang | 0.2.2 | 8.08 | 60.03 | 68.11 | NOTE | |
r-devel-linux-x86_64-debian-gcc | 0.2.2 | 4.22 | 40.19 | 44.41 | NOTE | |
r-devel-linux-x86_64-fedora-clang | 0.2.2 | 98.51 | OK | |||
r-devel-linux-x86_64-fedora-gcc | 0.2.2 | 92.79 | OK | |||
r-devel-windows-x86_64 | 0.2.2 | 9.00 | 73.00 | 82.00 | OK | |
r-patched-linux-x86_64 | 0.2.2 | 7.75 | 54.29 | 62.04 | OK | |
r-release-linux-x86_64 | 0.2.2 | 8.00 | 54.33 | 62.33 | OK | |
r-release-macos-arm64 | 0.2.2 | 29.00 | OK | |||
r-release-macos-x86_64 | 0.2.2 | 58.00 | OK | |||
r-release-windows-x86_64 | 0.2.2 | 10.00 | 78.00 | 88.00 | OK | |
r-oldrel-macos-arm64 | 0.2.2 | 35.00 | OK | |||
r-oldrel-macos-x86_64 | 0.2.2 | 70.00 | OK | |||
r-oldrel-windows-x86_64 | 0.2.2 | 11.00 | 86.00 | 97.00 | OK |
Version: 0.2.2
Check: DESCRIPTION meta-information
Result: NOTE
Author field differs from that derived from Authors@R
Author: ‘David Baranger [aut, cre] (<https://orcid.org/0000-0002-6659-357X>, davidbaranger.com), Brandon Goldstein [ctb], Megan Finsaas [ctb], Thomas Olino [ctb], Colin Vize [ctb], Don Lynam [ctb]’
Authors@R: ‘David Baranger [aut, cre] (ORCID: <https://orcid.org/0000-0002-6659-357X>, website: davidbaranger.com), Brandon Goldstein [ctb], Megan Finsaas [ctb], Thomas Olino [ctb], Colin Vize [ctb], Don Lynam [ctb]’
Flavors: r-devel-linux-x86_64-debian-clang, r-devel-linux-x86_64-debian-gcc