Last updated on 2025-07-17 19:51:41 CEST.
Flavor | Version | Tinstall | Tcheck | Ttotal | Status | Flags |
---|---|---|---|---|---|---|
r-devel-linux-x86_64-debian-clang | 2.5.5 | 30.99 | 244.13 | 275.12 | NOTE | |
r-devel-linux-x86_64-debian-gcc | 2.5.5 | 17.95 | 149.09 | 167.04 | NOTE | |
r-devel-linux-x86_64-fedora-clang | 2.5.5 | 410.72 | NOTE | |||
r-devel-linux-x86_64-fedora-gcc | 2.5.5 | 389.68 | NOTE | |||
r-devel-windows-x86_64 | 2.5.5 | 27.00 | 201.00 | 228.00 | NOTE | |
r-patched-linux-x86_64 | 2.5.5 | 26.84 | 225.65 | 252.49 | NOTE | |
r-release-linux-x86_64 | 2.5.5 | 25.55 | 224.95 | 250.50 | NOTE | |
r-release-macos-arm64 | 2.5.5 | 92.00 | NOTE | |||
r-release-macos-x86_64 | 2.5.5 | 190.00 | NOTE | |||
r-release-windows-x86_64 | 2.5.5 | 26.00 | 203.00 | 229.00 | NOTE | |
r-oldrel-macos-arm64 | 2.5.5 | 88.00 | NOTE | |||
r-oldrel-macos-x86_64 | 2.5.5 | 140.00 | NOTE | |||
r-oldrel-windows-x86_64 | 2.5.5 | 38.00 | 265.00 | 303.00 | NOTE |
Version: 2.5.5
Check: Rd files
Result: NOTE
checkRd: (-1) is_israd_database.Rd:19: Lost braces in \itemize; meant \describe ?
checkRd: (-1) is_israd_database.Rd:20: Lost braces in \itemize; meant \describe ?
checkRd: (-1) is_israd_database.Rd:21: Lost braces in \itemize; meant \describe ?
checkRd: (-1) is_israd_database.Rd:22: Lost braces in \itemize; meant \describe ?
checkRd: (-1) is_israd_database.Rd:23: Lost braces in \itemize; meant \describe ?
checkRd: (-1) is_israd_database.Rd:24: Lost braces in \itemize; meant \describe ?
checkRd: (-1) is_israd_database.Rd:25: Lost braces in \itemize; meant \describe ?
checkRd: (-1) is_israd_database.Rd:26: Lost braces in \itemize; meant \describe ?
Flavors: r-devel-linux-x86_64-debian-clang, r-devel-linux-x86_64-debian-gcc, r-devel-linux-x86_64-fedora-clang, r-devel-linux-x86_64-fedora-gcc, r-devel-windows-x86_64, r-patched-linux-x86_64, r-release-linux-x86_64, r-release-macos-arm64, r-release-macos-x86_64, r-release-windows-x86_64, r-oldrel-macos-arm64, r-oldrel-macos-x86_64, r-oldrel-windows-x86_64