CRAN Package Check Results for Package FisherEM

Last updated on 2025-07-21 08:50:02 CEST.

Flavor Version Tinstall Tcheck Ttotal Status Flags
r-devel-linux-x86_64-debian-clang 1.6 8.08 77.64 85.72 NOTE
r-devel-linux-x86_64-debian-gcc 1.6 5.00 53.93 58.93 NOTE
r-devel-linux-x86_64-fedora-clang 1.6 134.25 OK
r-devel-linux-x86_64-fedora-gcc 1.6 131.00 OK
r-devel-windows-x86_64 1.6 10.00 90.00 100.00 OK
r-patched-linux-x86_64 1.6 7.45 73.02 80.47 OK
r-release-linux-x86_64 1.6 7.40 72.12 79.52 OK
r-release-macos-arm64 1.6 58.00 OK
r-release-macos-x86_64 1.6 132.00 OK
r-release-windows-x86_64 1.6 9.00 89.00 98.00 OK
r-oldrel-macos-arm64 1.6 40.00 OK
r-oldrel-macos-x86_64 1.6 74.00 OK
r-oldrel-windows-x86_64 1.6 12.00 111.00 123.00 OK

Check Details

Version: 1.6
Check: CRAN incoming feasibility
Result: NOTE Maintainer: ‘Charles Bouveyron <charles.bouveyron@gmail.com>’ No Authors@R field in DESCRIPTION. Please add one, modifying Authors@R: c(person(given = "Charles", family = "Bouveyron", role = c("aut", "cre"), email = "charles.bouveyron@gmail.com"), person(given = c("Camille", "Brunet", "&", "Nicolas"), family = "Jouvin.", role = "aut")) as necessary. Package CITATION file contains call(s) to old-style personList() or as.personList(). Please use c() on person objects instead. Package CITATION file contains call(s) to old-style citEntry(). Please use bibentry() instead. Flavors: r-devel-linux-x86_64-debian-clang, r-devel-linux-x86_64-debian-gcc