Last updated on 2025-07-15 17:50:07 CEST.
Flavor | Version | Tinstall | Tcheck | Ttotal | Status | Flags |
---|---|---|---|---|---|---|
r-devel-linux-x86_64-debian-clang | 0.9.3 | 23.09 | 105.89 | 128.98 | NOTE | |
r-devel-linux-x86_64-debian-gcc | 0.9.3 | 13.81 | 68.71 | 82.52 | NOTE | |
r-devel-linux-x86_64-fedora-clang | 0.9.3 | 210.62 | OK | |||
r-devel-linux-x86_64-fedora-gcc | 0.9.3 | 196.46 | OK | |||
r-devel-windows-x86_64 | 0.9.3 | 27.00 | 106.00 | 133.00 | OK | |
r-patched-linux-x86_64 | 0.9.3 | 22.56 | 96.11 | 118.67 | OK | |
r-release-linux-x86_64 | 0.9.3 | 22.52 | 100.07 | 122.59 | OK | |
r-release-macos-arm64 | 0.9.3 | 59.00 | OK | |||
r-release-macos-x86_64 | 0.9.3 | 134.00 | OK | |||
r-release-windows-x86_64 | 0.9.3 | 31.00 | 103.00 | 134.00 | OK | |
r-oldrel-macos-arm64 | 0.9.3 | 49.00 | OK | |||
r-oldrel-macos-x86_64 | 0.9.3 | 77.00 | OK | |||
r-oldrel-windows-x86_64 | 0.9.3 | 39.00 | 133.00 | 172.00 | OK |
Version: 0.9.3
Check: CRAN incoming feasibility
Result: NOTE
Maintainer: ‘Aristidis K. Nikoloulopoulos <a.nikoloulopoulos@uea.ac.uk>’
The Description field contains
(2022) <arXiv:2201.00339>.
Please refer to arXiv e-prints via their arXiv DOI <doi:10.48550/arXiv.YYMM.NNNNN>.
Flavors: r-devel-linux-x86_64-debian-clang, r-devel-linux-x86_64-debian-gcc