Last updated on 2025-07-17 05:49:48 CEST.
Flavor | Version | Tinstall | Tcheck | Ttotal | Status | Flags |
---|---|---|---|---|---|---|
r-devel-linux-x86_64-debian-clang | 1.0.0 | 10.42 | 1655.05 | 1665.47 | NOTE | |
r-devel-linux-x86_64-debian-gcc | 1.0.0 | 8.85 | 137.64 | 146.49 | NOTE | |
r-devel-linux-x86_64-fedora-clang | 1.0.0 | 343.94 | NOTE | |||
r-devel-linux-x86_64-fedora-gcc | 1.0.0 | 313.18 | NOTE | |||
r-devel-windows-x86_64 | 1.0.0 | 12.00 | 163.00 | 175.00 | NOTE | |
r-patched-linux-x86_64 | 1.0.0 | 11.47 | 202.49 | 213.96 | NOTE | |
r-release-linux-x86_64 | 1.0.0 | 10.30 | 192.11 | 202.41 | NOTE | |
r-release-macos-arm64 | 1.0.0 | 99.00 | NOTE | |||
r-release-macos-x86_64 | 1.0.0 | 181.00 | NOTE | |||
r-release-windows-x86_64 | 1.0.0 | 13.00 | 238.00 | 251.00 | NOTE | |
r-oldrel-macos-arm64 | 1.0.0 | 71.00 | OK | |||
r-oldrel-macos-x86_64 | 1.0.0 | 118.00 | OK | |||
r-oldrel-windows-x86_64 | 1.0.0 | 16.00 | 233.00 | 249.00 | OK |
Version: 1.0.0
Check: DESCRIPTION meta-information
Result: NOTE
Missing dependency on R >= 4.1.0 because package code uses the pipe
|> or function shorthand \(...) syntax added in R 4.1.0.
File(s) using such syntax:
‘utility_fSACF.R’
Flavors: r-devel-linux-x86_64-debian-clang, r-devel-linux-x86_64-debian-gcc, r-devel-linux-x86_64-fedora-clang, r-devel-linux-x86_64-fedora-gcc, r-devel-windows-x86_64, r-patched-linux-x86_64, r-release-linux-x86_64, r-release-macos-arm64, r-release-macos-x86_64, r-release-windows-x86_64