CRAN Package Check Results for Package FADA

Last updated on 2025-07-16 11:50:38 CEST.

Flavor Version Tinstall Tcheck Ttotal Status Flags
r-devel-linux-x86_64-debian-clang 1.3.5 6.52 69.83 76.35 NOTE
r-devel-linux-x86_64-debian-gcc 1.3.5 4.94 52.31 57.25 NOTE
r-devel-linux-x86_64-fedora-clang 1.3.5 127.87 OK
r-devel-linux-x86_64-fedora-gcc 1.3.5 113.76 OK
r-devel-windows-x86_64 1.3.5 9.00 81.00 90.00 OK
r-patched-linux-x86_64 1.3.5 8.12 66.43 74.55 OK
r-release-linux-x86_64 1.3.5 7.56 65.72 73.28 OK
r-release-macos-arm64 1.3.5 42.00 OK
r-release-macos-x86_64 1.3.5 77.00 OK
r-release-windows-x86_64 1.3.5 9.00 95.00 104.00 OK
r-oldrel-macos-arm64 1.3.5 37.00 OK
r-oldrel-macos-x86_64 1.3.5 54.00 OK
r-oldrel-windows-x86_64 1.3.5 11.00 99.00 110.00 OK

Check Details

Version: 1.3.5
Check: CRAN incoming feasibility
Result: NOTE Maintainer: ‘David Causeur <david.causeur@agrocampus-ouest.fr>’ No Authors@R field in DESCRIPTION. Please add one, modifying Authors@R: c(person(given = "Emeline", family = "Perthame", role = "aut", comment = "Institut Pasteur, Paris, France"), person(given = "Chloe", family = "Friguet", role = "aut", comment = "Universite de Bretagne Sud, Vannes, France"), person(given = "David", family = "Causeur", role = c("aut", "cre"), email = "david.causeur@agrocampus-ouest.fr", comment = "Agrocampus\n Ouest, Rennes, France")) as necessary. Flavors: r-devel-linux-x86_64-debian-clang, r-devel-linux-x86_64-debian-gcc