Last updated on 2025-07-19 08:48:34 CEST.
Flavor | Version | Tinstall | Tcheck | Ttotal | Status | Flags |
---|---|---|---|---|---|---|
r-devel-linux-x86_64-debian-clang | 1.0.5 | 225.46 | 39.20 | 264.66 | OK | |
r-devel-linux-x86_64-debian-gcc | 1.0.5 | 164.64 | 30.34 | 194.98 | OK | |
r-devel-linux-x86_64-fedora-clang | 1.0.5 | 590.03 | OK | |||
r-devel-linux-x86_64-fedora-gcc | 1.0.5 | 503.21 | OK | |||
r-devel-windows-x86_64 | 1.0.5 | 282.00 | 90.00 | 372.00 | OK | |
r-patched-linux-x86_64 | 1.0.5 | 233.00 | 36.74 | 269.74 | OK | |
r-release-linux-x86_64 | 1.0.5 | 234.40 | 36.83 | 271.23 | OK | |
r-release-macos-arm64 | 1.0.5 | 108.00 | OK | |||
r-release-macos-x86_64 | 1.0.5 | 119.00 | OK | |||
r-release-windows-x86_64 | 1.0.5 | 263.00 | 91.00 | 354.00 | OK | |
r-oldrel-macos-arm64 | 1.0.5 | 112.00 | NOTE | |||
r-oldrel-macos-x86_64 | 1.0.5 | 110.00 | NOTE | |||
r-oldrel-windows-x86_64 | 1.0.5 | 318.00 | 110.00 | 428.00 | OK |
Version: 1.0.5
Check: installed package size
Result: NOTE
installed size is 15.0Mb
sub-directories of 1Mb or more:
libs 14.6Mb
Flavors: r-oldrel-macos-arm64, r-oldrel-macos-x86_64