Last updated on 2025-07-22 09:50:32 CEST.
Flavor | Version | Tinstall | Tcheck | Ttotal | Status | Flags |
---|---|---|---|---|---|---|
r-devel-linux-x86_64-debian-clang | 0.1.4 | 43.39 | 66.98 | 110.37 | OK | |
r-devel-linux-x86_64-debian-gcc | 0.1.4 | 30.87 | 51.10 | 81.97 | OK | |
r-devel-linux-x86_64-fedora-clang | 0.1.4 | 195.51 | OK | |||
r-devel-linux-x86_64-fedora-gcc | 0.1.4 | 178.90 | OK | |||
r-devel-windows-x86_64 | 0.1.4 | 52.00 | 109.00 | 161.00 | OK | |
r-patched-linux-x86_64 | 0.1.4 | 43.88 | 62.10 | 105.98 | OK | |
r-release-linux-x86_64 | 0.1.4 | 41.71 | 62.39 | 104.10 | OK | |
r-release-macos-arm64 | 0.1.4 | 55.00 | OK | |||
r-release-macos-x86_64 | 0.1.4 | 85.00 | OK | |||
r-release-windows-x86_64 | 0.1.4 | 49.00 | 109.00 | 158.00 | OK | |
r-oldrel-macos-arm64 | 0.1.4 | 45.00 | NOTE | |||
r-oldrel-macos-x86_64 | 0.1.4 | 72.00 | NOTE | |||
r-oldrel-windows-x86_64 | 0.1.4 | 60.00 | 127.00 | 187.00 | OK |
Version: 0.1.4
Check: installed package size
Result: NOTE
installed size is 6.0Mb
sub-directories of 1Mb or more:
data 2.0Mb
libs 3.9Mb
Flavors: r-oldrel-macos-arm64, r-oldrel-macos-x86_64