Last updated on 2025-07-03 06:50:17 CEST.
Flavor | Version | Tinstall | Tcheck | Ttotal | Status | Flags |
---|---|---|---|---|---|---|
r-devel-linux-x86_64-debian-clang | 2.0.0 | 102.55 | 123.55 | 226.10 | OK | |
r-devel-linux-x86_64-debian-gcc | 2.0.0 | 72.61 | 77.43 | 150.04 | OK | |
r-devel-linux-x86_64-fedora-clang | 2.0.0 | 413.44 | OK | |||
r-devel-linux-x86_64-fedora-gcc | 2.0.0 | 351.36 | OK | |||
r-devel-windows-x86_64 | 2.0.0 | 125.00 | 138.00 | 263.00 | OK | |
r-patched-linux-x86_64 | 2.0.0 | 105.63 | 111.46 | 217.09 | OK | |
r-release-linux-x86_64 | 2.0.0 | 101.58 | 115.11 | 216.69 | OK | |
r-release-macos-arm64 | 2.0.0 | 108.00 | OK | |||
r-release-macos-x86_64 | 2.0.0 | 147.00 | OK | |||
r-release-windows-x86_64 | 2.0.0 | 125.00 | 158.00 | 283.00 | OK | |
r-oldrel-macos-arm64 | 2.0.0 | 60.00 | NOTE | |||
r-oldrel-macos-x86_64 | 2.0.0 | 89.00 | NOTE | |||
r-oldrel-windows-x86_64 | 2.0.0 | 149.00 | 175.00 | 324.00 | NOTE |
Version: 2.0.0
Check: installed package size
Result: NOTE
installed size is 7.6Mb
sub-directories of 1Mb or more:
doc 2.7Mb
libs 4.6Mb
Flavors: r-oldrel-macos-arm64, r-oldrel-macos-x86_64
Version: 2.0.0
Check: for GNU extensions in Makefiles
Result: NOTE
GNU make is a SystemRequirements.
Flavors: r-oldrel-macos-arm64, r-oldrel-macos-x86_64, r-oldrel-windows-x86_64