Last updated on 2025-07-16 05:49:21 CEST.
Flavor | Version | Tinstall | Tcheck | Ttotal | Status | Flags |
---|---|---|---|---|---|---|
r-devel-linux-x86_64-debian-clang | 1.10 | 65.01 | 200.53 | 265.54 | OK | |
r-devel-linux-x86_64-debian-gcc | 1.10 | 47.99 | 120.47 | 168.46 | OK | |
r-devel-linux-x86_64-fedora-clang | 1.10 | 462.70 | OK | |||
r-devel-linux-x86_64-fedora-gcc | 1.10 | 445.18 | OK | |||
r-devel-windows-x86_64 | 1.10 | 71.00 | 202.00 | 273.00 | OK | |
r-patched-linux-x86_64 | 1.10 | 70.49 | 176.36 | 246.85 | OK | |
r-release-linux-x86_64 | 1.10 | 66.55 | 176.07 | 242.62 | OK | |
r-release-macos-arm64 | 1.10 | 118.00 | OK | |||
r-release-macos-x86_64 | 1.10 | 207.00 | OK | |||
r-release-windows-x86_64 | 1.10 | 73.00 | 206.00 | 279.00 | OK | |
r-oldrel-macos-arm64 | 1.10 | 119.00 | NOTE | |||
r-oldrel-macos-x86_64 | 1.10 | 158.00 | NOTE | |||
r-oldrel-windows-x86_64 | 1.10 | 87.00 | 293.00 | 380.00 | OK |
Version: 1.10
Check: installed package size
Result: NOTE
installed size is 5.0Mb
sub-directories of 1Mb or more:
libs 4.4Mb
Flavors: r-oldrel-macos-arm64, r-oldrel-macos-x86_64