Last updated on 2025-07-16 05:49:21 CEST.
Flavor | Version | Tinstall | Tcheck | Ttotal | Status | Flags |
---|---|---|---|---|---|---|
r-devel-linux-x86_64-debian-clang | 1.2.0 | 17.39 | 146.91 | 164.30 | OK | |
r-devel-linux-x86_64-debian-gcc | 1.2.0 | 12.31 | 103.40 | 115.71 | OK | |
r-devel-linux-x86_64-fedora-clang | 1.2.0 | 254.75 | OK | |||
r-devel-linux-x86_64-fedora-gcc | 1.2.0 | 251.48 | OK | |||
r-devel-windows-x86_64 | 1.2.0 | 18.00 | 144.00 | 162.00 | OK | |
r-patched-linux-x86_64 | 1.2.0 | 16.31 | 138.82 | 155.13 | OK | |
r-release-linux-x86_64 | 1.2.0 | 15.84 | 140.59 | 156.43 | OK | |
r-release-macos-arm64 | 1.2.0 | 75.00 | OK | |||
r-release-macos-x86_64 | 1.2.0 | 163.00 | OK | |||
r-release-windows-x86_64 | 1.2.0 | 18.00 | 141.00 | 159.00 | OK | |
r-oldrel-macos-arm64 | 1.2.0 | 73.00 | NOTE | |||
r-oldrel-macos-x86_64 | 1.2.0 | 106.00 | NOTE | |||
r-oldrel-windows-x86_64 | 1.2.0 | 22.00 | 189.00 | 211.00 | NOTE |
Version: 1.2.0
Check: installed package size
Result: NOTE
installed size is 5.1Mb
sub-directories of 1Mb or more:
doc 4.4Mb
Flavors: r-oldrel-macos-arm64, r-oldrel-macos-x86_64, r-oldrel-windows-x86_64