CRAN Package Check Results for Package ClustGeo

Last updated on 2025-07-17 19:51:35 CEST.

Flavor Version Tinstall Tcheck Ttotal Status Flags
r-devel-linux-x86_64-debian-clang 2.1 1.93 33.35 35.28 OK
r-devel-linux-x86_64-debian-gcc 2.1 1.66 26.98 28.64 OK
r-devel-linux-x86_64-fedora-clang 2.1 54.14 NOTE
r-devel-linux-x86_64-fedora-gcc 2.1 69.98 NOTE
r-devel-windows-x86_64 2.1 4.00 52.00 56.00 OK
r-patched-linux-x86_64 2.1 2.35 31.79 34.14 OK
r-release-linux-x86_64 2.1 2.13 31.76 33.89 OK
r-release-macos-arm64 2.1 40.00 OK
r-release-macos-x86_64 2.1 53.00 OK
r-release-windows-x86_64 2.1 4.00 53.00 57.00 OK
r-oldrel-macos-arm64 2.1 26.00 OK
r-oldrel-macos-x86_64 2.1 39.00 OK
r-oldrel-windows-x86_64 2.1 6.00 58.00 64.00 OK

Check Details

Version: 2.1
Check: dependencies in R code
Result: NOTE Namespaces in Imports field not imported from: ‘sp’ ‘spdep’ All declared Imports should be used. Flavors: r-devel-linux-x86_64-fedora-clang, r-devel-linux-x86_64-fedora-gcc