Last updated on 2025-07-16 17:49:20 CEST.
Flavor | Version | Tinstall | Tcheck | Ttotal | Status | Flags |
---|---|---|---|---|---|---|
r-devel-linux-x86_64-debian-clang | 1.3 | 14.20 | 116.65 | 130.85 | NOTE | |
r-devel-linux-x86_64-debian-gcc | 1.3 | 10.27 | 82.22 | 92.49 | NOTE | |
r-devel-linux-x86_64-fedora-clang | 1.3 | 199.39 | OK | |||
r-devel-linux-x86_64-fedora-gcc | 1.3 | 194.67 | OK | |||
r-devel-windows-x86_64 | 1.3 | 13.00 | 114.00 | 127.00 | NOTE | |
r-patched-linux-x86_64 | 1.3 | 14.07 | 108.53 | 122.60 | NOTE | |
r-release-linux-x86_64 | 1.3 | 12.87 | 107.85 | 120.72 | NOTE | |
r-release-macos-arm64 | 1.3 | 78.00 | OK | |||
r-release-macos-x86_64 | 1.3 | 120.00 | OK | |||
r-release-windows-x86_64 | 1.3 | 14.00 | 118.00 | 132.00 | NOTE | |
r-oldrel-macos-arm64 | 1.3 | 53.00 | OK | |||
r-oldrel-macos-x86_64 | 1.3 | 78.00 | OK | |||
r-oldrel-windows-x86_64 | 1.3 | 18.00 | 154.00 | 172.00 | OK |
Version: 1.3
Check: Rd cross-references
Result: NOTE
Found the following Rd file(s) with Rd \link{} targets missing package
anchors:
catpredi.Rd: mgcv
catpredi.survival.Rd: Surv
Please provide package anchors for all Rd \link{} targets not in the
package itself and the base packages.
Flavors: r-devel-linux-x86_64-debian-clang, r-devel-linux-x86_64-debian-gcc, r-devel-windows-x86_64, r-patched-linux-x86_64, r-release-linux-x86_64, r-release-windows-x86_64