Last updated on 2025-07-17 05:49:44 CEST.
Flavor | Version | Tinstall | Tcheck | Ttotal | Status | Flags |
---|---|---|---|---|---|---|
r-devel-linux-x86_64-debian-clang | 1.1-1 | 114.67 | 262.31 | 376.98 | NOTE | |
r-devel-linux-x86_64-debian-gcc | 1.1-1 | 69.19 | 155.73 | 224.92 | NOTE | |
r-devel-linux-x86_64-fedora-clang | 1.1-1 | 613.09 | OK | |||
r-devel-linux-x86_64-fedora-gcc | 1.1-1 | 559.76 | OK | |||
r-devel-windows-x86_64 | 1.1-1 | 86.00 | 184.00 | 270.00 | OK | |
r-patched-linux-x86_64 | 1.1-1 | 101.80 | 240.53 | 342.33 | OK | |
r-release-linux-x86_64 | 1.1-1 | 106.84 | 245.97 | 352.81 | OK | |
r-release-macos-arm64 | 1.1-1 | 112.00 | OK | |||
r-release-macos-x86_64 | 1.1-1 | 289.00 | OK | |||
r-release-windows-x86_64 | 1.1-1 | 84.00 | 187.00 | 271.00 | OK | |
r-oldrel-macos-arm64 | 1.1-1 | 108.00 | OK | |||
r-oldrel-macos-x86_64 | 1.1-1 | 206.00 | OK | |||
r-oldrel-windows-x86_64 | 1.1-1 | 134.00 | 266.00 | 400.00 | OK |
Version: 1.1-1
Check: CRAN incoming feasibility
Result: NOTE
Maintainer: ‘Ruben H. Roa-Ureta <ruben.roa.ureta@mail.com>’
No Authors@R field in DESCRIPTION.
Please add one, modifying
Authors@R: person(given = c("Ruben", "H."),
family = "Roa-Ureta",
role = c("aut", "cre"),
email = "ruben.roa.ureta@mail.com")
as necessary.
Package CITATION file contains call(s) to old-style personList() or
as.personList(). Please use c() on person objects instead.
Package CITATION file contains call(s) to old-style citEntry(). Please
use bibentry() instead.
Flavors: r-devel-linux-x86_64-debian-clang, r-devel-linux-x86_64-debian-gcc