Last updated on 2025-07-16 05:49:20 CEST.
Flavor | Version | Tinstall | Tcheck | Ttotal | Status | Flags |
---|---|---|---|---|---|---|
r-devel-linux-x86_64-debian-clang | 1.1.2 | 96.18 | 32.95 | 129.13 | OK | |
r-devel-linux-x86_64-debian-gcc | 1.1.2 | 63.94 | 26.13 | 90.07 | OK | |
r-devel-linux-x86_64-fedora-clang | 1.1.2 | 243.02 | OK | |||
r-devel-linux-x86_64-fedora-gcc | 1.1.2 | 215.42 | OK | |||
r-devel-windows-x86_64 | 1.1.2 | 106.00 | 72.00 | 178.00 | OK | |
r-patched-linux-x86_64 | 1.1.2 | 92.21 | 30.09 | 122.30 | OK | |
r-release-linux-x86_64 | 1.1.2 | 85.73 | 30.42 | 116.15 | OK | |
r-release-macos-arm64 | 1.1.2 | 57.00 | OK | |||
r-release-macos-x86_64 | 1.1.2 | 71.00 | OK | |||
r-release-windows-x86_64 | 1.1.2 | 110.00 | 79.00 | 189.00 | OK | |
r-oldrel-macos-arm64 | 1.1.2 | 66.00 | NOTE | |||
r-oldrel-macos-x86_64 | 1.1.2 | 79.00 | NOTE | |||
r-oldrel-windows-x86_64 | 1.1.2 | 129.00 | 84.00 | 213.00 | OK |
Version: 1.1.2
Check: installed package size
Result: NOTE
installed size is 5.3Mb
sub-directories of 1Mb or more:
libs 5.1Mb
Flavors: r-oldrel-macos-arm64, r-oldrel-macos-x86_64