Last updated on 2025-07-17 05:49:44 CEST.
Flavor | Version | Tinstall | Tcheck | Ttotal | Status | Flags |
---|---|---|---|---|---|---|
r-devel-linux-x86_64-debian-clang | 1.2-9 | 13.66 | 90.00 | 103.66 | NOTE | |
r-devel-linux-x86_64-debian-gcc | 1.2-9 | 9.10 | 67.21 | 76.31 | NOTE | |
r-devel-linux-x86_64-fedora-clang | 1.2-9 | 161.94 | OK | |||
r-devel-linux-x86_64-fedora-gcc | 1.2-9 | 173.30 | OK | |||
r-devel-windows-x86_64 | 1.2-9 | 14.00 | 131.00 | 145.00 | OK | |
r-patched-linux-x86_64 | 1.2-9 | 14.40 | 85.65 | 100.05 | OK | |
r-release-linux-x86_64 | 1.2-9 | 11.38 | 86.03 | 97.41 | OK | |
r-release-macos-arm64 | 1.2-9 | 69.00 | OK | |||
r-release-macos-x86_64 | 1.2-9 | 120.00 | OK | |||
r-release-windows-x86_64 | 1.2-9 | 14.00 | 135.00 | 149.00 | OK | |
r-oldrel-macos-arm64 | 1.2-9 | 56.00 | OK | |||
r-oldrel-macos-x86_64 | 1.2-9 | 87.00 | OK | |||
r-oldrel-windows-x86_64 | 1.2-9 | 19.00 | 149.00 | 168.00 | OK |
Version: 1.2-9
Check: CRAN incoming feasibility
Result: NOTE
Maintainer: ‘Robin K. S. Hankin <hankin.robin@gmail.com>’
Package CITATION file contains call(s) to old-style citEntry(). Please
use bibentry() instead.
Flavors: r-devel-linux-x86_64-debian-clang, r-devel-linux-x86_64-debian-gcc