Last updated on 2025-10-17 16:50:05 CEST.
Flavor | Version | Tinstall | Tcheck | Ttotal | Status | Flags |
---|---|---|---|---|---|---|
r-devel-linux-x86_64-debian-clang | 1.0.3 | 58.07 | 36.21 | 94.28 | NOTE | |
r-devel-linux-x86_64-debian-gcc | 1.0.3 | 45.85 | 27.44 | 73.29 | NOTE | |
r-devel-linux-x86_64-fedora-clang | 1.0.3 | 146.62 | OK | |||
r-devel-linux-x86_64-fedora-gcc | 1.0.3 | 165.55 | OK | |||
r-devel-windows-x86_64 | 1.0.3 | 56.00 | 70.00 | 126.00 | OK | |
r-patched-linux-x86_64 | 1.0.3 | 59.94 | 34.72 | 94.66 | OK | |
r-release-linux-x86_64 | 1.0.3 | 62.72 | 34.65 | 97.37 | OK | |
r-release-macos-arm64 | 1.0.3 | 49.00 | OK | |||
r-release-macos-x86_64 | 1.0.3 | 65.00 | OK | |||
r-release-windows-x86_64 | 1.0.3 | 56.00 | 74.00 | 130.00 | OK | |
r-oldrel-macos-arm64 | 1.0.3 | 36.00 | OK | |||
r-oldrel-macos-x86_64 | 1.0.3 | 51.00 | NOTE | |||
r-oldrel-windows-x86_64 | 1.0.3 | 72.00 | 87.00 | 159.00 | OK |
Version: 1.0.3
Check: CRAN incoming feasibility
Result: NOTE
Maintainer: ‘Amol Pande <amoljpande@gmail.com>’
No Authors@R field in DESCRIPTION.
Please add one, modifying
Authors@R: c(person(given = "Amol",
family = "Pande",
role = c("aut", "cre"),
email = "amoljpande@gmail.com"),
person(given = "Hemant",
family = "Ishwaran",
role = "aut"))
as necessary.
Package CITATION file contains call(s) to old-style personList() or
as.personList(). Please use c() on person objects instead.
Package CITATION file contains call(s) to old-style citEntry(). Please
use bibentry() instead.
Flavors: r-devel-linux-x86_64-debian-clang, r-devel-linux-x86_64-debian-gcc
Version: 1.0.3
Check: installed package size
Result: NOTE
installed size is 5.1Mb
sub-directories of 1Mb or more:
libs 4.7Mb
Flavor: r-oldrel-macos-x86_64