Last updated on 2025-07-19 19:49:40 CEST.
Flavor | Version | Tinstall | Tcheck | Ttotal | Status | Flags |
---|---|---|---|---|---|---|
r-devel-linux-x86_64-debian-clang | 1.1.6 | 188.53 | 131.16 | 319.69 | OK | |
r-devel-linux-x86_64-debian-gcc | 1.1.6 | 155.73 | 105.90 | 261.63 | OK | |
r-devel-linux-x86_64-fedora-clang | 1.1.6 | 473.95 | OK | |||
r-devel-linux-x86_64-fedora-gcc | 1.1.6 | 584.86 | OK | |||
r-devel-windows-x86_64 | 1.1.6 | 183.00 | 168.00 | 351.00 | OK | |
r-patched-linux-x86_64 | 1.1.6 | 198.07 | 140.99 | 339.06 | OK | |
r-release-linux-x86_64 | 1.1.6 | 193.76 | 142.48 | 336.24 | OK | |
r-release-macos-arm64 | 1.1.6 | 129.00 | OK | |||
r-release-macos-x86_64 | 1.1.6 | 265.00 | OK | |||
r-release-windows-x86_64 | 1.1.6 | 174.00 | 168.00 | 342.00 | OK | |
r-oldrel-macos-arm64 | 1.1.6 | 131.00 | NOTE | |||
r-oldrel-macos-x86_64 | 1.1.6 | 279.00 | NOTE | |||
r-oldrel-windows-x86_64 | 1.1.6 | 216.00 | 203.00 | 419.00 | OK |
Version: 1.1.6
Check: installed package size
Result: NOTE
installed size is 62.9Mb
sub-directories of 1Mb or more:
libs 62.3Mb
Flavors: r-oldrel-macos-arm64, r-oldrel-macos-x86_64
Version: 1.1.6
Check: for GNU extensions in Makefiles
Result: NOTE
GNU make is a SystemRequirements.
Flavors: r-oldrel-macos-arm64, r-oldrel-macos-x86_64