Last updated on 2025-07-21 08:49:57 CEST.
Flavor | Version | Tinstall | Tcheck | Ttotal | Status | Flags |
---|---|---|---|---|---|---|
r-devel-linux-x86_64-debian-clang | 1.9 | 8.21 | 202.82 | 211.03 | NOTE | |
r-devel-linux-x86_64-debian-gcc | 1.9 | 6.64 | 189.83 | 196.47 | NOTE | |
r-devel-linux-x86_64-fedora-clang | 1.9 | 312.72 | OK | |||
r-devel-linux-x86_64-fedora-gcc | 1.9 | 287.08 | OK | |||
r-devel-windows-x86_64 | 1.9 | 10.00 | 221.00 | 231.00 | OK | |
r-patched-linux-x86_64 | 1.9 | 11.05 | 197.14 | 208.19 | OK | |
r-release-linux-x86_64 | 1.9 | 8.79 | 195.72 | 204.51 | OK | |
r-release-macos-arm64 | 1.9 | 141.00 | OK | |||
r-release-macos-x86_64 | 1.9 | 233.00 | OK | |||
r-release-windows-x86_64 | 1.9 | 13.00 | 241.00 | 254.00 | OK | |
r-oldrel-macos-arm64 | 1.9 | 120.00 | OK | |||
r-oldrel-macos-x86_64 | 1.9 | 196.00 | OK | |||
r-oldrel-windows-x86_64 | 1.9 | 14.00 | 274.00 | 288.00 | OK |
Version: 1.9
Check: CRAN incoming feasibility
Result: NOTE
Maintainer: ‘Bernd Bischl <bernd_bischl@gmx.net>’
No Authors@R field in DESCRIPTION.
Please add one, modifying
Authors@R: c(person(given = "Bernd",
family = "Bischl",
role = c("aut", "cre"),
email = "bernd_bischl@gmx.net"),
person(given = "Michel",
family = "Lang",
role = "aut",
email = "michellang@gmail.com"),
person(given = "Henrik",
family = "Bengtsson",
role = "aut",
email = "henrikb@braju.com"))
as necessary.
Package CITATION file contains call(s) to old-style personList() or
as.personList(). Please use c() on person objects instead.
Package CITATION file contains call(s) to old-style citEntry(). Please
use bibentry() instead.
Flavors: r-devel-linux-x86_64-debian-clang, r-devel-linux-x86_64-debian-gcc