Last updated on 2025-07-19 08:48:30 CEST.
Flavor | Version | Tinstall | Tcheck | Ttotal | Status | Flags |
---|---|---|---|---|---|---|
r-devel-linux-x86_64-debian-clang | 0.1.0 | 11.96 | 102.22 | 114.18 | NOTE | |
r-devel-linux-x86_64-debian-gcc | 0.1.0 | 9.20 | 76.82 | 86.02 | NOTE | |
r-devel-linux-x86_64-fedora-clang | 0.1.0 | 179.51 | OK | |||
r-devel-linux-x86_64-fedora-gcc | 0.1.0 | 201.66 | OK | |||
r-devel-windows-x86_64 | 0.1.0 | 11.00 | 101.00 | 112.00 | OK | |
r-patched-linux-x86_64 | 0.1.0 | 10.47 | 97.46 | 107.93 | OK | |
r-release-linux-x86_64 | 0.1.0 | 8.91 | 96.72 | 105.63 | OK | |
r-release-macos-arm64 | 0.1.0 | 67.00 | OK | |||
r-release-macos-x86_64 | 0.1.0 | 129.00 | OK | |||
r-release-windows-x86_64 | 0.1.0 | 11.00 | 99.00 | 110.00 | OK | |
r-oldrel-macos-arm64 | 0.1.0 | 69.00 | OK | |||
r-oldrel-macos-x86_64 | 0.1.0 | 97.00 | OK | |||
r-oldrel-windows-x86_64 | 0.1.0 | 16.00 | 127.00 | 143.00 | OK |
Version: 0.1.0
Check: CRAN incoming feasibility
Result: NOTE
Maintainer: ‘Sixing Hao <s.hao3@lse.ac.uk>’
The Description field contains
(2022)<arXiv:2201.02023>.
Please refer to arXiv e-prints via their arXiv DOI <doi:10.48550/arXiv.YYMM.NNNNN>.
Flavors: r-devel-linux-x86_64-debian-clang, r-devel-linux-x86_64-debian-gcc