Last updated on 2025-07-19 08:48:29 CEST.
Flavor | Version | Tinstall | Tcheck | Ttotal | Status | Flags |
---|---|---|---|---|---|---|
r-devel-linux-x86_64-debian-clang | 0.3.4 | 28.80 | 76.14 | 104.94 | NOTE | |
r-devel-linux-x86_64-debian-gcc | 0.3.4 | 21.91 | 55.68 | 77.59 | NOTE | |
r-devel-linux-x86_64-fedora-clang | 0.3.4 | 182.69 | OK | |||
r-devel-linux-x86_64-fedora-gcc | 0.3.4 | 242.09 | OK | |||
r-devel-windows-x86_64 | 0.3.4 | 34.00 | 110.00 | 144.00 | OK | |
r-patched-linux-x86_64 | 0.3.4 | 30.97 | 72.16 | 103.13 | OK | |
r-release-linux-x86_64 | 0.3.4 | 27.61 | 72.36 | 99.97 | OK | |
r-release-macos-arm64 | 0.3.4 | 107.00 | OK | |||
r-release-macos-x86_64 | 0.3.4 | 202.00 | OK | |||
r-release-windows-x86_64 | 0.3.4 | 34.00 | 107.00 | 141.00 | OK | |
r-oldrel-macos-arm64 | 0.3.4 | 70.00 | OK | |||
r-oldrel-macos-x86_64 | 0.3.4 | 141.00 | OK | |||
r-oldrel-windows-x86_64 | 0.3.4 | 42.00 | 135.00 | 177.00 | OK |
Version: 0.3.4
Check: CRAN incoming feasibility
Result: NOTE
Maintainer: ‘Daniel Brunner <daniel.brunner@hhu.de>’
No Authors@R field in DESCRIPTION.
Please add one, modifying
Authors@R: c(person(given = "Daniel",
family = "Brunner",
role = c("aut", "cre"),
email = "daniel.brunner@hhu.de",
comment = "aut"),
person(given = "Constantin",
family = "Weiser",
role = "aut",
comment = "ctr"),
person(given = "Andre",
family = "Romahn",
role = "aut",
comment = "ctr"))
as necessary.
Flavors: r-devel-linux-x86_64-debian-clang, r-devel-linux-x86_64-debian-gcc