Last updated on 2025-07-16 11:50:33 CEST.
Flavor | Version | Tinstall | Tcheck | Ttotal | Status | Flags |
---|---|---|---|---|---|---|
r-devel-linux-x86_64-debian-clang | 2019.10-1 | 2.81 | 284.76 | 287.57 | NOTE | |
r-devel-linux-x86_64-debian-gcc | 2019.10-1 | 2.07 | 229.90 | 231.97 | NOTE | |
r-devel-linux-x86_64-fedora-clang | 2019.10-1 | 451.13 | OK | |||
r-devel-linux-x86_64-fedora-gcc | 2019.10-1 | 484.86 | OK | |||
r-devel-windows-x86_64 | 2019.10-1 | 5.00 | 347.00 | 352.00 | OK | |
r-patched-linux-x86_64 | 2019.10-1 | 3.31 | 273.70 | 277.01 | OK | |
r-release-linux-x86_64 | 2019.10-1 | 2.69 | 274.59 | 277.28 | OK | |
r-release-macos-arm64 | 2019.10-1 | 141.00 | OK | |||
r-release-macos-x86_64 | 2019.10-1 | 319.00 | OK | |||
r-release-windows-x86_64 | 2019.10-1 | 5.00 | 347.00 | 352.00 | OK | |
r-oldrel-macos-arm64 | 2019.10-1 | 150.00 | OK | |||
r-oldrel-macos-x86_64 | 2019.10-1 | 220.00 | OK | |||
r-oldrel-windows-x86_64 | 2019.10-1 | 5.00 | 436.00 | 441.00 | OK |
Version: 2019.10-1
Check: CRAN incoming feasibility
Result: NOTE
Maintainer: ‘Paul Gilbert <pgilbert.ttv9z@ncf.ca>’
Package CITATION file contains call(s) to old-style personList() or
as.personList(). Please use c() on person objects instead.
Package CITATION file contains call(s) to old-style citEntry(). Please
use bibentry() instead.
Flavors: r-devel-linux-x86_64-debian-clang, r-devel-linux-x86_64-debian-gcc