CRAN Package Check Results for Package AzureContainers

Last updated on 2025-07-27 13:49:28 CEST.

Flavor Version Tinstall Tcheck Ttotal Status Flags
r-devel-linux-x86_64-debian-clang 1.3.3 6.58 36.44 43.02 OK
r-devel-linux-x86_64-debian-gcc 1.3.3 4.00 28.62 32.62 OK
r-devel-linux-x86_64-fedora-clang 1.3.3 67.01 NOTE
r-devel-linux-x86_64-fedora-gcc 1.3.3 78.25 NOTE
r-devel-windows-x86_64 1.3.3 9.00 61.00 70.00 OK
r-patched-linux-x86_64 1.3.3 6.93 33.37 40.30 OK
r-release-linux-x86_64 1.3.3 5.15 33.27 38.42 OK
r-release-macos-arm64 1.3.3 30.00 OK
r-release-macos-x86_64 1.3.3 56.00 OK
r-release-windows-x86_64 1.3.3 8.00 64.00 72.00 OK
r-oldrel-macos-arm64 1.3.3 38.00 OK
r-oldrel-macos-x86_64 1.3.3 64.00 OK
r-oldrel-windows-x86_64 1.3.3 11.00 68.00 79.00 OK

Check Details

Version: 1.3.3
Check: dependencies in R code
Result: NOTE Namespace in Imports field not imported from: ‘openssl’ All declared Imports should be used. Flavors: r-devel-linux-x86_64-fedora-clang, r-devel-linux-x86_64-fedora-gcc