CRAN Package Check Results for Package AdMit

Last updated on 2025-07-17 05:49:42 CEST.

Flavor Version Tinstall Tcheck Ttotal Status Flags
r-devel-linux-x86_64-debian-clang 2.1.9 3.06 25.70 28.76 NOTE
r-devel-linux-x86_64-debian-gcc 2.1.9 2.40 20.92 23.32 NOTE
r-devel-linux-x86_64-fedora-clang 2.1.9 44.94 OK
r-devel-linux-x86_64-fedora-gcc 2.1.9 41.85 OK
r-devel-windows-x86_64 2.1.9 7.00 48.00 55.00 OK
r-patched-linux-x86_64 2.1.9 3.73 24.53 28.26 OK
r-release-linux-x86_64 2.1.9 3.01 24.33 27.34 OK
r-release-macos-arm64 2.1.9 22.00 OK
r-release-macos-x86_64 2.1.9 30.00 OK
r-release-windows-x86_64 2.1.9 7.00 49.00 56.00 OK
r-oldrel-macos-arm64 2.1.9 30.00 OK
r-oldrel-macos-x86_64 2.1.9 26.00 OK
r-oldrel-windows-x86_64 2.1.9 8.00 54.00 62.00 OK

Check Details

Version: 2.1.9
Check: CRAN incoming feasibility
Result: NOTE Maintainer: ‘David Ardia <david.ardia.ch@gmail.com>’ Package CITATION file contains call(s) to old-style personList() or as.personList(). Please use c() on person objects instead. Package CITATION file contains call(s) to old-style citEntry(). Please use bibentry() instead. Flavors: r-devel-linux-x86_64-debian-clang, r-devel-linux-x86_64-debian-gcc