Last updated on 2025-07-17 11:50:27 CEST.
Flavor | Version | Tinstall | Tcheck | Ttotal | Status | Flags |
---|---|---|---|---|---|---|
r-devel-linux-x86_64-debian-clang | 3.0.0 | 26.24 | 206.38 | 232.62 | OK | |
r-devel-linux-x86_64-debian-gcc | 3.0.0 | 18.38 | 134.95 | 153.33 | OK | |
r-devel-linux-x86_64-fedora-clang | 3.0.0 | 391.06 | OK | |||
r-devel-linux-x86_64-fedora-gcc | 3.0.0 | 372.53 | OK | |||
r-devel-windows-x86_64 | 3.0.0 | 29.00 | 214.00 | 243.00 | OK | |
r-patched-linux-x86_64 | 3.0.0 | 29.15 | 193.56 | 222.71 | OK | |
r-release-linux-x86_64 | 3.0.0 | 24.50 | 193.62 | 218.12 | OK | |
r-release-macos-arm64 | 3.0.0 | 148.00 | OK | |||
r-release-macos-x86_64 | 3.0.0 | 398.00 | OK | |||
r-release-windows-x86_64 | 3.0.0 | 26.00 | 216.00 | 242.00 | OK | |
r-oldrel-macos-arm64 | 3.0.0 | 116.00 | NOTE | |||
r-oldrel-macos-x86_64 | 3.0.0 | 403.00 | NOTE | |||
r-oldrel-windows-x86_64 | 3.0.0 | 30.00 | 282.00 | 312.00 | OK |
Version: 3.0.0
Check: installed package size
Result: NOTE
installed size is 5.9Mb
sub-directories of 1Mb or more:
R 2.2Mb
data 3.0Mb
Flavors: r-oldrel-macos-arm64, r-oldrel-macos-x86_64