CRAN Package Check Results for Package ACEP

Last updated on 2025-07-17 05:49:42 CEST.

Flavor Version Tinstall Tcheck Ttotal Status Flags
r-devel-linux-x86_64-debian-clang 0.0.22 1.67 27.66 29.33 NOTE
r-devel-linux-x86_64-debian-gcc 0.0.22 1.78 20.78 22.56 NOTE
r-devel-linux-x86_64-fedora-clang 0.0.22 43.62 NOTE
r-devel-linux-x86_64-fedora-gcc 0.0.22 41.83 NOTE
r-devel-windows-x86_64 0.0.22 4.00 56.00 60.00 NOTE
r-patched-linux-x86_64 0.0.22 2.38 25.30 27.68 NOTE
r-release-linux-x86_64 0.0.22 1.67 25.46 27.13 NOTE
r-release-macos-arm64 0.0.22 31.00 NOTE
r-release-macos-x86_64 0.0.22 47.00 NOTE
r-release-windows-x86_64 0.0.22 3.00 55.00 58.00 NOTE
r-oldrel-macos-arm64 0.0.22 29.00 OK
r-oldrel-macos-x86_64 0.0.22 41.00 OK
r-oldrel-windows-x86_64 0.0.22 5.00 61.00 66.00 OK

Check Details

Version: 0.0.22
Check: DESCRIPTION meta-information
Result: NOTE Missing dependency on R >= 4.1.0 because package code uses the pipe |> or function shorthand \(...) syntax added in R 4.1.0. File(s) using such syntax: ‘acep_load_base.Rd’ ‘acep_rst.Rd’ ‘acep_token_plot.R’ ‘acep_token_table.R’ Flavors: r-devel-linux-x86_64-debian-clang, r-devel-linux-x86_64-debian-gcc, r-devel-linux-x86_64-fedora-clang, r-devel-linux-x86_64-fedora-gcc, r-devel-windows-x86_64, r-patched-linux-x86_64, r-release-linux-x86_64, r-release-macos-arm64, r-release-macos-x86_64, r-release-windows-x86_64